11 - 7 - 5 - -14)
23
51 + -107 + 10 + -3 + 51
2
38 - (-60 + 100 - (1 - -75))
74
What is 4 - (42 - -4) - (802 + -829)?
-15
(-5 - -5) + -11 - (43 - -15 - 75)
6
7 + (-15 + (2 - -9) - -15)
18
(-11 - (1 + -5)) + -5 - -17 - -41
46
Calculate -61 + 43 - -83 - 106.
-41
What is the value of 8 + (20 - 9) + 30?
49
What is (21 - (-27 - -19)) + -32 - -51?
48
Calculate ((-21 - -59) + -21 - -5) + -50 - -19.
-9
Calculate (25 - (-11 + 18)) + -15 - (-58 + -5).
66
What is the value of -172 + 179 + (-1 - 1) - (3 - (-2 + -1))?
-1
Calculate (8 - (2 + -2)) + -5 + 72 + (116 - 100).
91
(-36 + -43 - 14) + 54
-39
What is the value of (10 + 4 - 0) + 4 + -15?
3
(22 - (-14 + 9 + -13)) + -22 + 20
38
(-3 - -66) + (-1830 - -1837 - (4 + -2 - -7))
61
What is (-7 - -12) + 0 + 8 + (89 - 98)?
4
What is the value of (-32 - (31 + -46)) + (-68 - (8 - 5))?
-88
What is the value of -28 - ((-93 - -34) + 15)?
16
(15 - 5) + -4 + 29 + -6 + 19
48
Evaluate 20 - (0 + 23 - (131 - 98)).
30
What is -5 - (-44 - 95 - -72)?
62
What is (1 - 10 - -12) + 31 + 16 + -5?
45
What is (1 + (-1 - 0) - 2) + (-50 - -33) + 42?
23
What is 5 + (-4 - (-10 - -25 - 25)) + 3 - 8?
6
What is the value of -241 + 237 + -3 + 74?
67
Calculate 25 + (52 - 30) + -50 - -1.
-2
What is the value of -17 + -91 + 54 + 10 + (3 - 1)?
-42
Evaluate (-673 - -682 - (-1 + 41)) + -46.
-77
26 - (17 + 1 + -1 - 4 - 18)
31
What is the value of 89 + (16 - (-45 + 12 + 37))?
101
What is the value of 15 + -1 - (42 + (-90 - -70))?
-8
What is the value of -15 - (-1 + -15 - (-170 - -149))?
-20
Evaluate 1 + -13 - (7 + -20 + -35 + 26 + 92).
-82
Evaluate 8 - (-296 + 114 + 129 - (14 + 0 + 1)).
76
What is the value of 38 + -2 + -8 + (14 - -21)?
63
-37 + (-42 - -52 - -10)
-17
(66 - 22 - 31) + -5
8
(6 - -76) + (-8 - (-15 + 16)) + 15
88
Evaluate (58 - 2) + (-8 - (12 + -17)) - 5.
48
What is the value of -12 + -13 + 18 + (-8 - 16)?
-31
Calculate -45 + (-2 - -42) + (-208 - -184).
-29
What is 2 + 9 + -2 + (89 + -1 - 86)?
11
What is -115 - (2 + 38 + -41 + -12)?
-102
-5 + 28 + 2 + -11 + 26 + -3 + -8
29
Evaluate 32 - 45 - (14 - -14) - (0 + 1 + -11).
-31
What is the value of 36 + (-508 - -530 - (-2 + 50))?
10
(-17 - -10 - -63) + (15 - 5)
66
Evaluate -2 - ((-35 - (-13 - (-6 - -2))) + 12).
12
27 - 70 - ((-1 - 4 - (4 - 5)) + 14)
-53
-71 + -46 + 46 + 15 + (-5 - 0)
-61
Evaluate 5 - (-2 + -13 + 3 - (-328 - -322)).
11
What is the value of 32 - (103 - 206) - 62?
73
Evaluate 0 + -16 - ((-68 - -335) + -248).
-35
What is (-12 + -1 - (-10 + (36 - 30))) + 46?
37
What is the value of 157 - 0 - (1224 - 1155)?
88
Calculate -47 + 1 - (-217 - -176) - ((-7 - 1) + 0).
3
Calculate 23 + (25 - 24) - ((-3 + 4 - 4) + -2).
29
7 - (52 - (77 + -77))
-45
Evaluate 13 + (-103 + -2 + 3 + -3 - (-603 - -606)).
-95
Calculate 18 + (12 - ((-15 - -12) + 10)).
23
-78 - ((0 - -2) + 2477 + -2489)
-68
What is the value of -58 + 90 + -37 + 37?
32
What is (-12 - (-7 - (-66 - 4) - 7)) + 12 + -17?
-73
What is (15 + 133 - 67) + 31?
112
Calculate -20 + (38 - 35 - -12) - (-5 + 0).
0
(0 - -1) + 35 + 86 + -103
19
Evaluate 29 + -40 + (-10 + -56 - -4) - (-3 + 2).
-72
What is the value of 13 - (-28 + 17 + -11 + -9)?
44
-99 - -101 - (6 - 1) - (22 + -31)
6
Calculate -99 + 51 + -32 + 43.
-37
What is the value of -7 - (-19 + (50 - 5))?
-33
Evaluate (14 - 10) + 6 + 1 - (-13 - (-20 + -8)).
-4
Calculate -16 - 7 - (4 - (26 + -6)) - (1 + 51).
-59
What is 14 + (6 + 4 - 16) - (-2 + 16) - 40?
-46
What is -43 + 1 + 56 + -114 + 59?
-41
Calculate (94 + -20 - 63) + (2 - 77).
-64
-13 + 19 + 54 + -3
57
Calculate -69 - (-21 + 67 + 23 + -44).
-94
-558 + 509 + (33 - 2)
-18
469 + -470 - (3 - 1 - (63 - 3))
57
Calculate (57 + 154 - 209) + 0 + 102.
104
Evaluate 5 - 2 - (-367 + 350).
20
What is the value of (-1 - -1) + (28 + -8 - 99) + (26 - 10)?
-63
Evaluate (1 + 7 - 0 - (-104 - -109)) + -40 + 39.
2
Calculate 13271 + -13243 - (-34 - 1).
63
What is -558 + 561 + (-2 - (-1 + 3)) + (18 - 7)?
10
Evaluate -10 + (257 - 242 - (-6 - (-89 - -5))).
-73
Calculate 26 + 1 + (148 - 129).
46
What is 31 - (23 - ((-18 - -21) + 16))?
27
Evaluate -80 + 110 + (3 - 7) + 6.
32
What is the value of -39 + 7 + -8 + -4 + (6 - (-3 + -5))?
-30
What is (13 - 27) + 18 - (-6 - (-4 - -2))?
8
Evaluate 4 - -68 - (64 + (80 - 100)).
28
What is 19 + 1 + (-94 - 49 - -49)?
-74
Evaluate -109 - -106 - (-20 + 1 - 2 - (-29 - -30)).
19
What is (664 - 700) + 4 + -1 + 2 + 4?
-27
What is -165 + 74 + 37 + 1 + -14?
-67
What is -14 + (-19 - -52) + 83 + (-5 - 14)?
83
What is -32 + 48 - -14 - (5 - 2)?
27
57 - 23 - (-2 + 9 + (2 - 6))
31
Evaluate 42 + 5 + -3 + -1 + 0 + (20 - 24).
39
What is -4 + -12 + -6 + (11 - -33)?
22
What is 92 + 2 + 42 + -89?
47
Evaluate -58 + -1 - (75 + (-4 - 65)) - -1.
-64
What is the value of 465 + -476 - (-2 + 1 - -1 - (-1 - 1))?
-13
What is (-1 + -28 - (-19 - 93)) + -14?
69
Evaluate -574 - -569 - (-1 + 60).
-64
What is the value of 19 + -50 - 90 - -20?
-101
Evaluate -18 + -29 + 97 + 1.
51
What is the value of 14 + (16 - (10 - -25) - 55)?
-60
What is -45 + 51 + -6 + -2?
-2
What is 0 - (5 - 18) - 7 - ((-7 - 6) + 1)?
18
What is the value of -90 - (-82 + 92 + -36)?
-64
What is -1 - 1 - 0 - (-9 - -10) - (-12 + 7)?
2
Evaluate -1 + -6 - (-21 - 12) - (2 + -3).
27
Evaluate 8 + -61 + -103 + 106.
-50
What is the value of (-1345 - -1298) + 0 + 56?
9
What is (82 - (-60 + 65)) + -27 + 3?
53
Calculate -2 + -3 - -10 - (-154 + 132).
27
Evaluate 57 - (117 + 6) - -75.
9
Evaluate (-1 + 3 - -8) + 25 + 27 + -25 + 44.
81
What is -34 + (32 - -2) + -9 - (67 + 2 + -1)?
-77
Evaluate -14 + (-11 - -20) + -9 - -17.
3
What is the value of 7 - (45 - (26 - 3))?
-15
62 + (-93 - (-18 + -108))
95
Evaluate 102 + -90 - (-4 + 11 - (0 - -23)).
28
What is -141 - (-54 + -204) - 30?
87
What is the value of 3 + -3 + -2 + (-6 - 29 - (-84 + -36))?
83
What is (-2887 + 2888 - (-32 - -1)) + 85?
117
Calculate 9 + 1 - (3 + 0 - (-46 - -37)).
-2
Calculate -2 + 20 - (4 - ((54 - -2) + 22)).
92
Calculate (2 - -20) + (-31 - -31) + -4 + -3 + 0.
15
Evaluate 38 + -48 - (-6 + (-6 - (0 + -3))) - 24.
-25
16 - (101 + -97) - (-6 + 45 + 4)
-31
Calculate 89 - ((14 - 19) + 6 - (-33 - -13)).
68
What is 0 + ((2 - 45) + (15 - 27) - -13)?
-42
Calculate 369 - 379 - ((-4 - 0) + (12 - 4) + 3).
-17
-39 + 14 + 9 - -6 - 2
-12
What is 9 - (59 - (32 - -25))?
7
What is 4 + -1 + 10 + -11 + -2697 + 2717?
22
Evaluate -45 + (36 - 33) + 8 + 41.
7
What is -45 + -20 + -8 + 27 + -12?
-58
What is 30 - -2 - (-27 + (23 - 27 - -25 - -3))?
35
6274 + -6307 + (0 - (5 + (1 - 1))) - -1
-37
Evaluate -10 - (15 - (8 - 10) - (1 + 11)).
-15
Evaluate -23 + (100 - 15) - (6 + (-6 - -8)).
54
What is -13 - 37 - -37 - -1?
-12
-5 + -10 + 27 + -6 + 0
6
Evaluate -745 + 685 + 6 + -4 + 5.
-53
What is the value of -142 + (-149 + 79 - -62 - (1 + -15 - -1))?
-137
Evaluate -4 + 18 + (-744 - -735).
5
What is 21 + -24 + -67 + 142?
72
8 + -8 + 0 + -13 + 9 + 13
9
(-37 - -2) + (-8 + -7 - -23) - (-2 - -4)
-29
Calculate 184 + -203 - (-3 + 2 + -55).
37
1128 - 1099 - (4 + -2)
27
Calculate (-12 - (4 + -41 + 17)) + (0 - -1) - 8.
1
What is the value of (-14 - -13) + 4 + 28?
31
Evaluate (-44 - 26) + 20 + 97.
47
Calculate 18 + -18 - (30 - 42).
12
Evaluate 36 + -1 - (249 + (-466 - -256)).
-4
(0 + 76 - 0) + (-157 - -123 - -39)
81
Evaluate (-36 - (15 - 34)) + 8 + (-3 - 1) + -62.
-75
-84 + (244 + -215 - (4 + -3 - -12))
-68
-441 - -497 - (2 + -18)
72
What is (-1017 - -1001) + 18 + -2?
0
Calculate 50 - (-2 - (0 - 2) - (23 - -1 - 31)).
43
Calculate 80 - (102 + -167 - -66).
79
Calculate -232 - (-403 + 247) - ((2 - (0 - -2)) + 1).
-77
Evaluate 39 - 0 - (-118 - (-86 + -79)).
-8
What is 11 + (-84 - 0 - (2372 - 2397))?
-48
What is (-17 + 5 - -30) + 44?
62
(-46 - -21) + -3 + -4 - -51
19
What is 52 - (-121 + 29 + 44) - (20 - 1)?
81
What is 5 + ((0 - -16) + -17 - (27 + (2 - 2)))?
-23
3 + 4 + (-4 - 35)
-32
What is -2 + (1 - -9) + -41 + 66?
33
15 + -1 - (-1977 - -1975)
16
What is the value of -198 - (-26 - 51) - -51?
-70
(19 + (14 - 10) - 18) + -3 + -20
-18
Evaluate -22 + -35 - (0 + -24).
-33
-37 + 46 + 40 + -25
24
(65 - 6) + (116 - 144) + 24
55
What is the value of -17 - (-44 + 39 + -16) - (-76 - (5 - 5))?
80
-3 - -2 - -4 - (45 - 26 - 17)
1
What is the value of (70 - (-13 - -56)) + -74?
-47
What is (-73 - -204) + (-17 - 135)?
-21
Calculate -7 + ((19 - -30) + 9 + -6 - 16).
29
Calculate 17 + ((-12 - (-8 + 13)) + 9